0111011
In base 11, what is 4 + -59?
-55
In base 12, what is 1 + -33?
-32
In base 8, what is 24 + -4?
20
In base 10, what is 84 - -18?
102
In base 6, what is -1005 + 0?
-1005
In base 15, what is -5 + a9?
a4
In base 4, what is -10 - -13303?
13233
In base 5, what is -123402 + -4?
-123411
In base 6, what is -4 + 3?
-1
In base 9, what is 0 - 145?
-145
In base 7, what is 12201 - 4?
12164
In base 13, what is -5 - -3a?
35
In base 9, what is -21 - 67?
-88
In base 10, what is 2 + 1808?
1810
In base 9, what is 13 + -150?
-136
In base 6, what is -5 + 332?
323
In base 3, what is -21000 - -12?
-20211
In base 10, what is 2 + 1?
3
In base 14, what is -81 - 15?
-96
In base 6, what is -412 + -2?
-414
In base 16, what is -836 - -5?
-831
In base 5, what is -1341 - 3?
-1344
In base 10, what is -12 - -924?
912
In base 10, what is 32 + -6?
26
In base 6, what is 2 + 301?
303
In base 15, what is -1 - -963?
962
In base 12, what is 1 + -135?
-134
In base 14, what is -111 + -3?
-114
In base 8, what is 10442 - -5?
10447
In base 9, what is -11 + 12?
1
In base 6, what is 540 + -4?
532
In base 3, what is -120 - -21?
-22
In base 3, what is 10020 + -1021?
1222
In base 9, what is 316 + 27?
344
In base 8, what is -1 - 114?
-115
In base 15, what is 0 + 7?
7
In base 2, what is 101 - 10000001?
-1111100
In base 2, what is -10010 + -110110?
-1001000
In base 13, what is 752 - 0?
752
In base 13, what is -c - -68?
59
In base 3, what is 11 - -121?
202
In base 16, what is 3cb + 4?
3cf
In base 14, what is -d4 + 3?
-d1
In base 12, what is 40 - a9?
-69
In base 14, what is 33 + 19?
4c
In base 5, what is -12311 - 1?
-12312
In base 2, what is -11 - -11100111?
11100100
In base 9, what is 1182 + -11?
1171
In base 12, what is 327 - -1?
328
In base 7, what is -11 - 606?
-620
In base 2, what is 100 - 11010?
-10110
In base 13, what is -12 - 15?
-27
In base 7, what is -5 - 2013?
-2021
In base 2, what is 10011 - -110000?
1000011
In base 15, what is 13 - -40?
53
In base 3, what is -2001011 + 20?
-2000221
In base 11, what is 101 + 21?
122
In base 5, what is -2 + -201?
-203
In base 3, what is -11020222 + 10?
-11020212
In base 11, what is 2 - -341?
343
In base 8, what is -7 - -4077?
4070
In base 15, what is 99 + 24?
bd
In base 8, what is 1 + -153?
-152
In base 7, what is -4 + 151?
144
In base 4, what is 11 - 111032?
-111021
In base 16, what is -2808 + -3?
-280b
In base 10, what is 24855 - 5?
24850
In base 9, what is -33 - -8?
-24
In base 2, what is 0 - -100100100?
100100100
In base 6, what is -2 + 1444?
1442
In base 16, what is -3 - 89?
-8c
In base 13, what is -c + -183?
-192
In base 5, what is 4 - 114233?
-114224
In base 4, what is 12 - 110?
-32
In base 8, what is 5475 + 2?
5477
In base 2, what is 100101101100 + 101?
100101110001
In base 12, what is -2 - -182?
180
In base 10, what is -12 + -83?
-95
In base 12, what is -30 - -3b?
b
In base 2, what is -11 - 111011?
-111110
In base 3, what is -12 + 12?
0
In base 12, what is 11b - 3?
118
In base 7, what is -1145 - -10?
-1135
In base 10, what is -7 + -360?
-367
In base 14, what is -3 + -266?
-269
In base 3, what is -111200 - -2?
-111121
In base 5, what is 140104 + 3?
140112
In base 9, what is 20655 + -5?
20650
In base 15, what is 5d + -5d?
0
In base 3, what is -10000 + 0?
-10000
In base 10, what is 4 + -756?
-752
In base 11, what is 5 - 18a9?
-18a4
In base 14, what is -1316 - -5?
-1311
In base 2, what is -1100 - -100?
-1000
In base 5, what is -2 - 310?
-312
In base 8, what is -517 + 11?
-506
In base 2, what is 11 + 1010010110?
1010011001
In base 5, what is 344 - -10?
404
In base 10, what is -837 - -2?
-835
In base 14, what is 37 - -8?
41
In base 14, what is bb4 + 3?
bb7
In base 8, what is -27 + 13?
-14
In base 7, what is 13 + -260?
-244
In base 8, what is 201 + 0?
201
In base 12, what is -1 - 909?
-90a
In base 2, what is 100 - 100011000?
-100010100
In base 3, what is 10022 - -10?
10102
In base 4, what is -132 - -20?
-112
In base 5, what is -3142 + 12?
-3130
In base 3, what is 221 + -1200?
-202
In base 8, what is 10 - 10461?
-10451
In base 9, what is -27467 - -4?
-27463
In base 13, what is -8 + -c82?
-c8a
In base 6, what is -15 + -3?
-22
In base 13, what is 1b0 + 0?
1b0
In base 8, what is 3 + -5173?
-5170
In base 4, what is 1300 + -1?
1233
In base 15, what is -48 + -6?
-4e
In base 5, what is 200 - -3131?
3331
In base 6, what is -200 - 5?
-205
In base 10, what is 5 + 829?
834
In base 7, what is -1250 - 3?
-1253
In base 11, what is 3 + 318?
320
In base 16, what is 7 - 93?
-8c
In base 8, what is -36 - 25?
-63
In base 7, what is -136 + 4?
-132
In base 2, what is -111 + -100111001?
-101000000
In base 7, what is 1002 - 5?
664
In base 8, what is -4 + -3252?
-3256
In base 6, what is -253 + -1?
-254
In base 3, what is -221222212 + 10?
-221222202
In base 12, what is -3 - -668?
665
In base 5, what is -240 - 322?
-1112
In base 12, what is 135a + -9?
1351
In base 5, what is -4 - -10442?
10433
In base 5, what is 2040 + 0?
2040
In base 2, what is 1100001100 + -101?
1100000111
In base 7, what is 4 - 533?
-526
In base 3, what is 10 - -1201?
1211
In base 16, what is 0 - 1347?
-1347
In base 13, what is 582 + 2?
584
In base 13, what is 1 - 9ba?
-9b9
In base 12, what is 4 + 10?
14
In base 9, what is 0 + -33?
-33
In base 6, what is 4 - 110?
-102
In base 15, what is 2 + 872?
874
In base 6, what is 10 + -20?
-10
In base 2, what is -1000000001100010 + -11?
-1000000001100101
In base 8, what is -130 + 1?
-127
In base 13, what is 3 + -9?
-6
In base 4, what is -2 - 1011?
-1013
In base 4, what is -2 + -2203?
-2211
In base 12, what is 122 - a?
114
In base 7, what is 26 + 31?
60
In base 8, what is 42 + 15?
57
In base 7, what is -5 + -56?
-64
In base 11, what is -2688 - -1?
-2687
In base 7, what is 10 + 26?
36
In base 11, what is -1 + -1957?
-1958
In base 10, what is 5147 + -3?
5144
In base 6, what is -5 + -52?
-101
In base 4, what is -2122202 - 3?
-2122211
In base 14, what is 3 - 242?
-23d
In base 2, what is -1110111100 - 111?
-1111000011
In base 4, what is 3 + 11101?
11110
In base 8, what is 0 - 12?
-12
In base 6, what is -3434 - 3?
-3441
In base 13, what is -c3a - 1?
-c3b
In base 7, what is 1 - -103?
104
In base 10, what is -249 - 1?
-250
In base 14, what is 0 - 245?
-245
In base 10, what is -14 - -27?
13
In base 15, what is 1 - 1d?
-1c
In base 4, what is -101131 - 1?
-101132
In base 7, what is -255 + -4?
-262
In base 3, what is 2 + -1001211?
-1001202
In base 15, what is 6 + -19?
-13
In base 8, what is -14 + 66?
52
In base 7, what is -506 + 5?
-501
In base 8, what is 140 - 2?
136
In base 12, what is -114 - 6?
-11a
In base 5, what is -20 - -21?
1
In base 15, what is -c + 1cc?
1c0
In base 5, what is -424 - -201?
-223
In base 13, what is 1 - 1c?
-1b
In base 6, what is -212 + -1?
-213
In base 16, what is -3b9 + -3?
-3bc
In base 16, what is 8 + 0?
8
In base 9, what is -3 + 13?
10
In base 16, what is 0 + 42e?
42e
In base 9, what is -2 + 5?
3
In base 4, what is 0 - 12010?
-12010
In base 12, what is 16 - 28?
-12
In base 15, what is 22 - -8?
2a
In base 11, what is 2336 + -2?
2334
In base 10, what is 1 + 185?
186
In base 12, what is 56 - -13?
69
In base 4, what is 301313 + 3?
301322
In base 7, what is 410 - -4?
414
In base 10, what is 2208 + -6?
2202
In base 4, what is 2 - 220302?
-220300
In base 9, what is 0 + 32?
32
In base 16, what is -4 - -89?
85
In base 6, what is -14 - 3?
-21
In base 14, what is 0 + 73?
73
In base 13, what is -5 - 58?
-60
In base 2, what is -1 + 1111001?
1111000
In base 15, what is -52 - 5?
-57
In base 2, what is -1 + -101?
-110
In base 15, what is -20 + 3?
-1c
In base 12, what is -2 - 9?
-b
In base 7, what is 32450 - 1?
32446
In base 16, what is -6 - -4fb?
4f5
In base 10, what is 1351 - -2?
1353
In base 16, what is 13 + -15f?
-14c
In base 4, what is 3 - 1121?
-1112
In base 6, what is -3 + -35145?
-35152
In base 11, what is 4 + -267?
-263
In base 2, what is -10 - 101111?
-110001
In base 2, what is -1010110 + 101?
-1010001
In base 2, what is -100 + 10100100?
10100000
In base 4, what is 31 - -102?
133
In base 10, what is -183 + 24?
-159
In base 8, what is -16 + -3?
-21
In base 13, what is -184 - 28?
-1ac
In base 5, what is 1 + 2431?
2432
In base 16, what is 7 - e?
-7
In base 13, what is -19aa + 5?
-19a5
In base 5, what is 0 + -1330?
-1330
In base 15, what is 2b89 - 5?
2b84
